q?
57
Suppose -w = -3*w - 6. Let z be (-17)/(-5) - 3 - 308/70. Calculate the remainder when 99 is divided by (-15)/w*(0 - z).
19
Suppose -834 = 138*d - 86*d - 2290. What is the remainder when 170 is divided by d?
2
Suppose -38*k + 18*k + 220 = 0. Suppose k*q - 21*q + 230 = 0. What is the remainder when 81 is divided by q?
12
Suppose -990 = -290*b + 16120. What is the remainder when b is divided by 15/(((-12)/16)/(-1))?
19
Let x(l) = -l**3 + 6*l**2 + 38*l - 126. What is the remainder when x(6) is divided by 50?
2
Let f be 2/((7 + -3)/276) + -2. Suppose -2*z - f = -10*z. What is the remainder when 133 is divided by z?
14
Let c = -32 + 118. Suppose 15*i = -17*i - 0*i. Suppose i = 8*b - 23*b + 435. Calculate the remainder when c is divided by b.
28
Let j = 304 + -164. Suppose 12*i - j = -2*i. What is the remainder when (22/(-12))/(i/(-60)) is divided by 9?
2
Let v = 55 + -1. Suppose -3*h + 65 = 8. Let q = v + h. Calculate the remainder when q is divided by 25.
23
Suppose 5*v - 7*w - 164 = 0, 3*w = 2*w - 2. What is the remainder when 675 is divided by v?
15
Let s = -2197 + 2302. What is the remainder when s is divided by 39?
27
Suppose 28 = n + 3*a, 15*n - a = 18*n - 36. Calculate the remainder when 44 is divided by n.
4
Let l = 764 + -741. What is the remainder when 489 is divided by l?
6
Suppose -1805 - 2170 = -25*s. Suppose -2*f - 512 = -18*f. Calculate the remainder when s is divided by f.
31
Suppose 2 = -2*p - 48. Let n = p + 35. Suppose -2*o = -b - 6, 0 = -9*o + 6*o + 18. What is the remainder when n is divided by b?
4
Suppose -16*b = -32*b + 272. Suppose -22 = b*f - 413. What is the remainder when 133 is divided by f?
18
Let l(k) = -k**2 + 9*k + 196. Let o be (-2)/5 - 82/(-5). Calculate the remainder when l(o) is divided by 29.
26
What is the remainder when ((-28)/70)/((-4)/1990) is divided by 19?
9
Let b(s) = s**2 - 33*s + 38. Let w be b(32). What is the remainder when 2/(4/126) - 24/w is divided by 21?
17
Let h(v) = -8*v**3 - 2*v**2 - 9*v + 86. Let a(x) = 7*x**3 + 2*x**2 + 8*x - 87. Let b(d) = -7*a(d) - 6*h(d). What is the remainder when b(0) is divided by 33?
27
Let q be 1 + 2/4 + (-3009)/(-34). Let g = 95 - q. Suppose 107 = 2*i - 5*r, g*i - r - 137 - 96 = 0. What is the remainder when 182 is divided by i?
44
Suppose 63*l + 2*g = 60*l + 80, 2*l - 64 = 4*g. What is the remainder when 473 is divided by l?
25
Let l = -270 - -273. Suppose -2*u - 4*z - z = -38, -4*z + 50 = l*u. What is the remainder when u is divided by 10?
4
Let u(i) = -2*i**2 - 68*i - 76. Let j be u(-33). What is the remainder when 8 - 9 - 5/j*58 is divided by (-2)/8 + (-63)/(-12)?
3
Suppose 2*t = -2*g + 578, 0 = -2*g + 26*t - 25*t + 563. What is the remainder when g is divided by 57?
56
Let n(l) = -395*l + 4734. What is the remainder when 749 is divided by n(11)?
360
Let d be (3 - 2) + (-4)/(-2). Suppose f + 12 = 5*f - d*i, -f + 18 = 3*i. What is the remainder when (-54489)/(-1772)*(-4)/3*-2 is divided by f?
4
Let g(d) = -2*d**2 - 55*d + 102. What is the remainder when g(-29) is divided by 10?
5
Let t(b) = -b**2 + 68*b + 1200. What is the remainder when 296 is divided by t(-14)?
36
Suppose 2*d + l - 94 = 0, -2*d - 26*l = -24*l - 88. Calculate the remainder when 599 is divided by d.
49
Let f = -5 - -45. Let t(k) be the third derivative of k**6/60 - k**5/20 + k**4/3 - 8*k**3/3 - 2*k**2 - 66. Calculate the remainder when t(5) is divided by f.
39
Let z(h) = -17*h**2 + 5*h + 217. Let c(i) = -4*i**2 + i + 54. Let v(a) = -9*c(a) + 2*z(a). Calculate the remainder when v(-7) is divided by 28.
11
Suppose -20*k = -17*k - 27*k + 7272. Calculate the remainder when k is divided by 163.
140
Suppose -5*a - o = 5, 3*a - 3*o = -2*o + 5. Suppose a = s - 2, 2*s - 4*s + 43 = 3*q. Let d = -3124 - -3149. What is the remainder when d is divided by q?
12
Suppose 2*j = 2*p + 14, 0 = 18*j - 13*j + 2*p + 7. Let o(r) = -r**2 + 6*r - 1. Let f be o(6). Calculate the remainder when 3401/38*(j - f) is divided by 20.
19
Let b = 19 - 10. Suppose 4*y + 5*w - 15 = 0, -5*w = 136 - 151. Suppose y = 7*k - b*k + 4. What is the remainder when 6 is divided by k?
0
Calculate the remainder when 3174 is divided by (4/(-160)*-50)/(1/16).
14
Let l(t) = -4*t - 20. Let f be l(-14). Suppose 14*n - 2*n = f. Suppose -6*s + 23 = -n*s - 5*o, -s + 4*o = -3. Calculate the remainder when 65 is divided by s.
10
Suppose 2*n - 4*s + 36 = -2*n, -5*n - 4*s - 90 = 0. Let f(w) = 2*w + 50. Calculate the remainder when 62 is divided by f(n).
18
Let m = 2818 + -2810. Calculate the remainder when 6/(-21) - (-984)/14 is divided by m.
6
Suppose -4*u + 66 = 3*l - 40, -l = 3*u - 77. Calculate the remainder when u is divided by 37/4 + (-14)/(16 + 40).
7
Let h(w) = -w**3 + 4*w**2 - 4*w + 6. Let a be h(5). Let j = 41 + a. Let b = j + 14. Calculate the remainder when b is divided by 10.
6
Let o be 2*3*5/15. Let s = 210 - 418. What is the remainder when 76 is divided by ((-3)/((-60)/s))/(o/(-5))?
24
Let v = 4281 + -3930. What is the remainder when 1065 is divided by v?
12
Suppose 430*n - 15048 = 166*n. Calculate the remainder when 296 is divided by n.
11
Let y be -6 + 4 + 2 + 1 + -1. Suppose 5*n - 4*c = -361, y = -4*n + 3*c - 366 + 77. Let s = n + 144. Calculate the remainder when s is divided by 24.
23
Calculate the remainder when 16834 is divided by 5 - (-14 + -1 - 45).
64
Let u = 137 - 90. What is the remainder when u is divided by 7/(-1)*23/((-1771)/132)?
11
Let b(a) = -a**3 + 66*a**2 + 138*a - 46. Suppose -4*w = 9*o - 7*o - 64, o + 4*w = 32. Calculate the remainder when b(68) is divided by o.
26
Suppose 20*v - 29*f - 256 = -27*f, 5*v - 69 = -2*f. Calculate the remainder when 7603 is divided by v.
11
Suppose -z = -3, -38*a + 35*a + 2*z + 102 = 0. Calculate the remainder when 36899 is divided by a.
35
Let x(q) = -q**3 - 23*q**2 + 49*q + 52. Calculate the remainder when x(-26) is divided by 397.
12
Let l be 0 + (-6)/(-4)*128/3. Let f be l/5 - (-25)/125. Suppose -14*s + 50 = -f*s. What is the remainder when s is divided by 13?
11
Let y = -124 + 142. Let u = 3744 - 3719. What is the remainder when u is divided by y?
7
Let k = 188 + -185. Suppose -2*w - 132 = -5*r + w, -k*w - 78 = -3*r. Suppose 4*l = l + 321. Calculate the remainder when l is divided by r.
26
Suppose -2*q = -u - 132, -4*u = 1 + 7. Suppose 2*m - 134 + 0 = -2*f, -f + m = -q. Calculate the remainder when f is divided by 44.
22
Let l = -484 - -484. Suppose l = 16*w - 6270 - 5298. Calculate the remainder when w is divided by 66.
63
Calculate the remainder when 4510 is divided by 8 + (-1 + -6 - -46).
45
Suppose 5*g + 5*o - 730 = 0, -3*g - 4*o = -124 - 310. Calculate the remainder when 163 is divided by g.
13
Suppose s = -2*y + y + 17843, -5*s + 4*y + 89269 = 0. Calculate the remainder when s is divided by 70.
69
Let q(h) = 2*h**2 - 8*h + 43. Let y be 3*4/9*(-126)/(-12). Calculate the remainder when q(y) is divided by 65.
63
Suppose 12*w - 11*w = 56. What is the remainder when ((-88)/(-10))/(262/4585) is divided by w?
42
Let z(x) = x**3 + 31*x**2 + 52*x - 151. What is the remainder when 397 is divided by z(-29)?
6
Let n be (2/3)/(7/483). What is the remainder when -5*n/(-6) - 10/(-6) is divided by 26?
14
Suppose 44 = 2*d + 9*d. Suppose -9*c = -d*c + 4*l - 807, 483 = 3*c + 3*l. Calculate the remainder when c is divided by 41.
40
Let i = 319 - 263. Suppose -140*z = -139*z - i. What is the remainder when 174 is divided by z?
6
Suppose -4*t = -3*t - 35. Let g = 540 - 535. Calculate the remainder when t is divided by g + 0 + (-112)/(-7).
14
Suppose 2*k - 5*k + 3 = -r, -2*k - 18 = r. What is the remainder when 44 is divided by (20/15)/(r/(-81))?
8
Let l be 1 + -2 + (-281)/(-1)*1. Suppose -1048*h = -1052*h + l. What is the remainder when 137 is divided by h?
67
Let j(c) = -c**2 + 62*c - 797. Calculate the remainder when 9087 is divided by j(21).
63
Let c(q) = -65*q**3 + 2*q**2 - q - 2. Let o be c(-2). Suppose -o - 80 = -19*j. What is the remainder when (-1224)/(-20) - 1/5 is divided by j?
29
Suppose -3*b + b = -4. Let t(s) = 3*s + 13 - b*s + 1 - 2*s. What is the remainder when 44 is divided by t(-9)?
21
Let a(z) = -2*z**3 - 10*z**2 + 104*z + 600. Calculate the remainder when 124 is divided by a(-6).
28
Suppose 5*j = g + 533, -j + 313 = 2*j - 4*g. Suppose 4*h - 11 - j = n, -2*h + 3*n = -54. Cal